 - 19278 = -4*s, 0 = 2*f + 3*s - 7576. What is the tens digit of f?
8
Suppose n - 3*c + 3 = 0, 5*n + 2*c = 3*n + 18. Suppose -n*v + 3*v = -4*h + 470, -2*h - 2*v = -228. What is the tens digit of h?
1
Let i = 227 - -298. What is the units digit of i?
5
Let g be (16/(-24))/(1/(-21)). Let o(a) = -a**2 + 14*a - 9. Let y be o(g). What is the units digit of y + 6 + (1 - -9)?
7
Let n(j) = 6*j**2 + 11. Let o(m) = m**2 + m + 1. Let a(d) = n(d) - 5*o(d). Let q be a(2). Suppose -7*u + 2*u + 205 = q. What is the tens digit of u?
4
Let m be ((-14)/5)/((-22)/55). Suppose m*f + 24 = -4. What is the tens digit of (-514)/(-34) + f/34?
1
What is the tens digit of (-3987)/(-5) + (-3)/(-5)?
9
Let w = -85 - -498. What is the hundreds digit of w?
4
Suppose 0 = 3*u - 3*v - 45, 3*v + 4 = -5. Let j = 207 - 191. What is the tens digit of 19 - 4*u/j?
1
Let a be ((-108)/15)/(12/40). Let d = a - -100. What is the units digit of d?
6
Let r(h) = 37*h - 10*h - 19*h + 131*h**2 - 9*h. What is the units digit of r(-1)?
2
Suppose -5*o + 4434 = 4*y - y, -5*o = -3*y + 4434. What is the tens digit of y?
7
Let u be (-576)/(-60)*((-325)/(-2))/5. Suppose 967 = 5*n + u. What is the hundreds digit of n?
1
Suppose 0 = -r - 1 + 2. Let k be r/(-2)*(-4 + 4). What is the tens digit of (k - -25 - 3) + 2?
2
What is the tens digit of 580/(-8)*(114/(-30) + 3)?
5
What is the units digit of (-6798)/18*-4*3?
2
Suppose -165*n = -170*n + 15575. What is the tens digit of n?
1
What is the thousands digit of 1151 - 5/2*32/20?
1
Let f = 1930 + 688. What is the tens digit of f?
1
Suppose -10*a = -12*a - 850. Let d = 662 + a. What is the units digit of d?
7
Suppose -2*z - 798 = -2*u, 3 + 1 = -u. Let c = -258 - z. What is the tens digit of c?
4
Suppose -3*u = w - 123, -6*w - 5*u = -4*w - 248. What is the units digit of w?
9
Let l(d) be the first derivative of d**3/3 - d**2/2 - 8*d - 15. What is the units digit of l(4)?
4
Let o = -725 + 1318. What is the tens digit of o?
9
Let g = -23 + 25. Suppose 0*f - f = g*n - 85, 0 = 5*f - 5*n - 440. Suppose 0 = -5*d + f + 73. What is the units digit of d?
2
Suppose -6*o + 50 = 218. Let u = 77 - -19. Let d = o + u. What is the tens digit of d?
6
Suppose -3*t = 4*m + m - 340, 0 = -4*t - 2*m + 472. Suppose 20*p - 17*p = 0. Suppose -4*u = -p*u - t. What is the tens digit of u?
3
Let n(o) = 3*o**2 + 61*o - 52. What is the hundreds digit of n(-31)?
9
Let p be 30/25*(-5)/(-2). Let o be (-14)/(-4) + (-9)/6. Suppose 164 = 4*l + o*r, p*l = -2*r + r + 123. What is the tens digit of l?
4
Suppose 3*l = -5*k + 168, 2*l - 2*k - 75 - 37 = 0. Let q = l + -3. Suppose q = 2*w - 5*v, -w + 6*w - 185 = 2*v. What is the units digit of w?
9
Suppose 0 = 6*q - 9599 - 16525. Suppose 17*h - q = 3*h. What is the units digit of h?
1
Suppose -6*s + 3*s + 12 = 0, -n - 4*s = -476. What is the tens digit of n?
6
Let h = -28 - -45. Let b(q) = -q**2 + 24*q - 20. What is the units digit of b(h)?
9
What is the hundreds digit of (49/28)/((-4)/(-5712))?
4
Let x = 77 + -40. Suppose -f = -4*v + 2*f + 27, 5*f + x = 4*v. Let b(a) = 2*a**3 + a**2 - 3*a + 1. What is the units digit of b(v)?
5
Suppose o - 717 = m + 760, -4*o + 3*m + 5907 = 0. Let b be o/21 + 2/(-7). What is the tens digit of b/(-4)*36/(-45)?
1
Let f be (1 - (-2 - 7)) + 0. Let x = 27 - f. Suppose -3*a = -2*a - x. What is the tens digit of a?
1
Let o = 141 - 75. What is the units digit of o - (8/2 - 0)?
2
Suppose j + 4*v = -0*j + 23, -4*j = 5*v - 37. Suppose 0 = 4*a - 2*t + 24, j*a - 3*t = 2*t - 32. Let p(u) = -5*u - 8. What is the units digit of p(a)?
2
What is the tens digit of 1*-12892*(-4)/(192/12)?
2
Let i(t) = t**2 + 21*t + 44. Let s be i(-19). Suppose 2*k + 396 = s*k. What is the units digit of k?
9
Suppose -3*c = 2*d - 2, 3*c - 4*d + d = 12. Suppose 18 = c*z - 10. Suppose -10*g + z*g = 172. What is the tens digit of g?
4
What is the hundreds digit of ((-2)/4 - 1)/((-22)/2156)?
1
Let a(g) = -g**2 - 12*g - 18. Let s(r) = -2*r + 12. Let q be s(10). Let f be a(q). Suppose -26 = -h + f. What is the tens digit of h?
4
Suppose 2546 = 2*q - 2*v, 0 = 5*v - 55 + 60. What is the hundreds digit of q?
2
Suppose 5*c - 158 = 5*j - j, -3*c + 154 = -4*j. Let n = j - -69. What is the tens digit of n?
3
Suppose -5*i - 5*h + 2 = 32, -5*h - 24 = 3*i. What is the hundreds digit of (675/2)/i*24/(-18)?
1
Suppose 0 = -c - 199 + 39. Let p = c + 277. What is the units digit of p?
7
Let o be (4 - 1) + 1 - 0. Suppose x + o + 27 = 0. Let j = x - -81. What is the units digit of j?
0
Let j = 110 + 513. What is the units digit of j?
3
Let b(j) = 28 + 27 - 51*j**2 + 28*j**2 + 26*j**2 - j. What is the tens digit of b(0)?
5
Suppose -4 = 4*o, 3*o - 8*o + 400 = 5*j. What is the units digit of j?
1
Suppose 36*l + 1280 = 38*l. What is the tens digit of l?
4
Let o(g) = 2*g - 11. Let u be (-5 + (-4)/2)/(-1). Let w be o(u). Suppose -w*d = d - 120. What is the units digit of d?
0
Let a(f) = -17*f**2 - 3*f - 5. Let b be a(-2). Let p = b - -110. Let q = p - 14. What is the tens digit of q?
2
Let n(q) = 9*q + 16. Let m be n(8). What is the units digit of 6/(-21) + m/14?
6
Let s(n) = -n**3 - 5*n**2 - 51*n + 30. What is the hundreds digit of s(-15)?
0
Let f(n) = -4*n + 12. Let b be f(-5). Let a(p) = p - 3. Let q be a(-3). Let w = b - q. What is the tens digit of w?
3
Suppose -10*r + 13*r = 0. What is the units digit of 31 - (1 + r + 3)?
7
Suppose b + 11 - 9 = 0, 5*z - 9205 = -5*b. What is the units digit of z?
3
Suppose 0 = -4*l - 5*j + j + 52, l - 33 = 4*j. Suppose 13*z - l*z = -320. What is the units digit of z?
0
Let h(l) = -l**2 + 7*l - 7. Let c be h(5). Suppose -4*b + 46 = 2*y, y - 3*b = -c + 36. What is the units digit of y?
7
Suppose 4*p - 12 = 5*p + 4*l, 6 = 3*p - 2*l. Suppose p = 2*c - 2, -2*c + 6*c + 311 = 5*o. What is the units digit of o?
3
Let g(w) = 3*w - 44. Let p(f) = f - 15. Let m(k) = -6*g(k) + 17*p(k). Let x be m(12). What is the tens digit of (-6)/(x*(-2)/(-15))?
1
Let r = 0 + -2. Let y be (7 - 1) + (-12)/6. What is the units digit of (1 - y)*(-3 - r)?
3
Suppose 0 = 24*f - 22*f - 616. Suppose -s = 5*o + s - f, -20 = -5*s. What is the units digit of o?
0
Suppose 3234 = 60*l - 57*l. What is the thousands digit of l?
1
Let i(j) = j - 10. Suppose 0 = -3*o + 24 + 66. Let c = o + -19. What is the units digit of i(c)?
1
Let u = -1320 + 1701. What is the units digit of u?
1
Suppose h - 2 - 2 = 0. Suppose -32 = -h*q - 12. Suppose -3*o = k - q - 0, -4*k - o + 9 = 0. What is the units digit of k?
2
Let s = -264 - -340. What is the tens digit of s?
7
Let j(w) = w**3 - 10*w**2 - 8*w + 18. Let i be j(14). Suppose 0 = 5*c - 2*a - i, -3*c + 430 = -0*a + 2*a. What is the tens digit of c?
4
Let j be (-9)/12 + 5/(-4). Let y be (-1 - (-2)/j)*-2. Suppose y*i = 9*i - 145. What is the units digit of i?
9
Let f = -109 - -117. What is the hundreds digit of f/((-16)/6) - -244?
2
Suppose 40*w = 37*w + 7092. What is the thousands digit of w?
2
What is the thousands digit of ((-67)/(-4) - 1)*(-7 + 171)?
2
Let c(l) = l**2 - 12*l + 18. Let b be c(12). Suppose -3*z - b = -237. What is the units digit of z?
3
Let t be ((-2)/(-3))/((30/1143)/(-5)). What is the hundreds digit of (0 - 1) + (16 - t)?
1
Let p = -617 + 2687. What is the tens digit of p?
7
Suppose -2*l - 5*s + 10 = -0, 0 = 2*l + s - 2. Suppose 159 = 4*o - v - l*v, 2*v - 111 = -3*o. What is the units digit of o?
9
Let g = -106 - 99. Let j = 352 + g. What is the units digit of j?
7
Suppose 0 = 3*f - 15, -3*c + 2 - 7 = -f. Suppose i = -3*k + 164, c = -2*k + 7*k + 4*i - 271. What is the tens digit of k?
5
Suppose 20 = -4*x, 2*x = -5*b - 4 - 1. Let r be (0 + 7)/(5 - 4). What is the tens digit of (r + 182)*b/3?
6
Suppose 2 = -l + 10. Suppose -l*k + 352 = -4*k. What is the tens digit of k?
8
Let n(y) = -151*y - 2. What is the hundreds digit of n(-1)?
1
Suppose 2*q = 2*x + 697 + 369, -4*x + 1613 = 3*q. Suppose -2*n - 4*d + 432 = 0, -2*n + 5*d = 103 - q. Suppose 5*a - n = -46. What is the tens digit of a?
3
Let a(x) = 11*x + 1. Let c(r) = 1. Let z(t) = -a(t) - 2*c(t). What is the tens digit of z(-7)?
7
Suppose -2*u + 10 - 28 = 0. Let p = -61 + u. What is the units digit of (-28)/p - (-256)/10?
6
Let p(f) = f**2 + 10*f + 9. Let n be (0 + -3)*(-2)/3. Let j be -3 + (-1 - 12/n). What is the units digit of p(j)?
9
What is the tens digit of 3093/(-2)*11